lculate the highest common divisor of 2920 and 1241.
73
Calculate the highest common divisor of 16 and 384.
16
What is the greatest common divisor of 156 and 52?
52
What is the greatest common divisor of 172 and 796?
4
What is the highest common divisor of 11715 and 165?
165
What is the greatest common factor of 320 and 920?
40
Calculate the greatest common divisor of 164 and 36.
4
What is the highest common factor of 249 and 13861?
83
Calculate the highest common divisor of 1910 and 40.
10
Calculate the greatest common factor of 279 and 18.
9
Calculate the highest common factor of 7168 and 56.
56
Calculate the highest common divisor of 135 and 495.
45
Calculate the greatest common factor of 128 and 80.
16
Calculate the greatest common divisor of 8800 and 96.
32
What is the highest common divisor of 8 and 472?
8
What is the highest common factor of 51 and 1666?
17
What is the highest common divisor of 259 and 148?
37
Calculate the greatest common divisor of 73 and 1825.
73
Calculate the highest common divisor of 20 and 220.
20
What is the greatest common factor of 270 and 4035?
15
Calculate the highest common divisor of 632 and 10.
2
What is the highest common divisor of 39 and 6?
3
Calculate the highest common factor of 144 and 7920.
144
Calculate the highest common factor of 81 and 3249.
9
Calculate the greatest common factor of 10 and 722.
2
Calculate the highest common divisor of 2680 and 40.
40
Calculate the highest common divisor of 16 and 1.
1
What is the highest common factor of 243 and 585?
9
What is the greatest common factor of 1175 and 47?
47
Calculate the greatest common factor of 92 and 4.
4
What is the greatest common factor of 39 and 702?
39
Calculate the greatest common factor of 88 and 656.
8
What is the greatest common factor of 5267 and 69?
23
What is the highest common factor of 35 and 15?
5
What is the greatest common factor of 341 and 93?
31
What is the highest common factor of 3 and 3?
3
What is the highest common factor of 72 and 232?
8
What is the greatest common divisor of 1998 and 54?
54
What is the greatest common divisor of 24 and 1536?
24
What is the greatest common divisor of 90 and 10?
10
What is the highest common factor of 44 and 1452?
44
Calculate the highest common factor of 6 and 822.
6
Calculate the greatest common factor of 17100 and 18.
18
What is the highest common divisor of 207 and 19?
1
What is the highest common factor of 86 and 4214?
86
Calculate the greatest common divisor of 68 and 1496.
68
Calculate the highest common factor of 145 and 87.
29
What is the greatest common factor of 34 and 8?
2
What is the highest common factor of 306 and 425?
17
What is the greatest common divisor of 462 and 525?
21
Calculate the highest common factor of 59 and 472.
59
What is the greatest common factor of 1296 and 96?
48
What is the greatest common divisor of 339 and 114582?
339
Calculate the highest common factor of 3190 and 11.
11
Calculate the highest common divisor of 1085 and 35.
35
What is the highest common factor of 12 and 132?
12
What is the highest common factor of 9 and 294?
3
Calculate the highest common divisor of 4031 and 139.
139
Calculate the highest common factor of 60 and 255.
15
What is the greatest common divisor of 1539 and 1995?
57
Calculate the highest common divisor of 44 and 132.
44
Calculate the greatest common divisor of 8 and 824.
8
What is the greatest common factor of 8983 and 13?
13
What is the highest common divisor of 65 and 1651?
13
What is the highest common factor of 99 and 19503?
99
What is the highest common divisor of 27 and 783?
27
What is the highest common divisor of 65 and 2795?
65
What is the greatest common divisor of 53 and 212?
53
What is the greatest common divisor of 76 and 513?
19
Calculate the highest common factor of 91 and 13.
13
What is the highest common factor of 1807 and 4448?
139
Calculate the highest common divisor of 1971 and 162.
27
Calculate the greatest common divisor of 129 and 172.
43
Calculate the greatest common factor of 218 and 12753.
109
Calculate the greatest common divisor of 31 and 124.
31
What is the highest common factor of 14 and 39235?
7
What is the greatest common factor of 78 and 894?
6
Calculate the highest common factor of 46 and 506.
46
Calculate the highest common divisor of 47 and 7661.
47
Calculate the greatest common divisor of 97 and 97.
97
Calculate the greatest common factor of 92 and 36.
4
What is the highest common factor of 5352 and 48?
24
What is the greatest common divisor of 26 and 13078?
26
What is the highest common divisor of 34 and 20910?
34
Calculate the greatest common divisor of 72 and 405.
9
Calculate the greatest common divisor of 34 and 2.
2
Calculate the highest common factor of 15849 and 9.
9
Calculate the greatest common divisor of 336 and 210.
42
Calculate the greatest common divisor of 66 and 1408.
22
Calculate the greatest common divisor of 533 and 104.
13
Calculate the greatest common factor of 865 and 5.
5
What is the greatest common divisor of 7 and 8981?
7
Calculate the greatest common divisor of 154 and 6062.
14
What is the greatest common factor of 931 and 6650?
133
Calculate the greatest common divisor of 122 and 1037.
61
What is the highest common factor of 121 and 21659?
121
What is the highest common divisor of 35 and 497?
7
What is the highest common factor of 1672 and 228?
76
Calculate the greatest common divisor of 32723 and 43.
43
What is the highest common divisor of 33 and 3201?
33
What is the greatest common divisor of 82 and 4?
2
Calculate the highest common factor of 6716 and 219.
73
What is the greatest common divisor of 2255 and 820?
205
What is the greatest common factor of 13665 and 5?
5
What is the highest common divisor of 2014 and 106?
106
What is the highest common factor of 182 and 9230?
26
What is the greatest common factor of 25 and 625?
25
What is the highest common factor of 999 and 621?
27
What is the greatest common factor of 69 and 6?
3
What is the greatest common divisor of 5 and 2885?
5
Calculate the greatest common factor of 1120 and 20.
20
What is the highest common divisor of 6 and 27?
3
Calculate the greatest common factor of 453 and 7399.
151
What is the greatest common factor of 4023 and 54?
27
Calculate the highest common factor of 15330 and 140.
70
What is the highest common divisor of 400 and 1975?
25
Calculate the greatest common factor of 246 and 902.
82
What is the greatest common divisor of 16377 and 318?
159
What is the highest common divisor of 4212 and 780?
156
Calculate the highest common divisor of 14 and 28.
14
Calculate the highest common factor of 2 and 3998.
2
Calculate the highest common divisor of 1722 and 42.
42
What is the greatest common divisor of 214 and 2?
2
Calculate the highest common divisor of 22 and 6.
2
Calculate the highest common factor of 65 and 130.
65
What is the greatest common factor of 315 and 75?
15
Calculate the greatest common divisor of 7 and 217.
7
What is the greatest common factor of 16457 and 7?
7
Calculate the highest common divisor of 144 and 1692.
36
What is the greatest common factor of 2355 and 15?
15
Calculate the highest common factor of 154 and 407.
11
Calculate the highest common divisor of 70 and 5810.
70
Calculate the greatest common factor of 34 and 30787.
17
Calculate the greatest common divisor of 221 and 459.
17
What is the greatest common divisor of 793 and 610?
61
Calculate the greatest common divisor of 220 and 85.
5
What is the greatest common factor of 102 and 816?
102
What is the highest common divisor of 180 and 80?
20
Calculate the highest common factor of 4544 and 16.
16
What is the highest common factor of 11 and 3751?
11
Calculate the highest common factor of 48 and 9816.
24
Calculate the greatest common factor of 2204 and 76.
76
What is the highest common divisor of 996 and 6225?
249
What is the greatest common factor of 30 and 2010?
30
What is the highest common divisor of 416 and 130?
26
What is the highest common divisor of 34943 and 249?
83
What is the highest common divisor of 6 and 102?
6
Calculate the greatest common divisor of 126 and 840.
42
What is the greatest common factor of 20936 and 8?
8
Calculate the highest common divisor of 110 and 1947.
11
What is the greatest commo